the hundreds digit of 3221074614?
6
What is the tens digit of 1211136?
3
What is the ten millions digit of 1480148741?
8
What is the units digit of 485000517?
7
What is the ten millions digit of 130627506?
3
What is the units digit of 33789540?
0
What is the millions digit of 64074867?
4
What is the hundreds digit of 21922923?
9
What is the thousands digit of 20104150?
4
What is the units digit of 936144792?
2
What is the hundreds digit of 59118623?
6
What is the tens digit of 724005720?
2
What is the hundreds digit of 212848401?
4
What is the hundred thousands digit of 22472874?
4
What is the units digit of 19711978?
8
What is the tens digit of 636384614?
1
What is the ten thousands digit of 117579499?
7
What is the hundreds digit of 35979197?
1
What is the ten millions digit of 174465603?
7
What is the thousands digit of 77881530?
1
What is the hundred thousands digit of 6518231?
5
What is the millions digit of 2070730169?
0
What is the units digit of 1426581351?
1
What is the units digit of 170953050?
0
What is the hundreds digit of 246737905?
9
What is the thousands digit of 45728935?
8
What is the thousands digit of 205561603?
1
What is the hundred thousands digit of 1665621624?
6
What is the ten thousands digit of 45328690?
2
What is the millions digit of 1214326462?
4
What is the hundred millions digit of 406980817?
4
What is the hundred millions digit of 1288393042?
2
What is the hundred thousands digit of 39014683?
0
What is the thousands digit of 195186116?
6
What is the millions digit of 649176238?
9
What is the thousands digit of 48117489?
7
What is the ten thousands digit of 125444055?
4
What is the ten thousands digit of 115076861?
7
What is the ten thousands digit of 13041761?
4
What is the thousands digit of 51321289?
1
What is the hundred millions digit of 198078679?
1
What is the hundreds digit of 1226618750?
7
What is the millions digit of 225842759?
5
What is the millions digit of 86638587?
6
What is the thousands digit of 17650717?
0
What is the thousands digit of 431706320?
6
What is the hundreds digit of 1919528899?
8
What is the millions digit of 6650728718?
0
What is the ten thousands digit of 200798659?
9
What is the tens digit of 1036914671?
7
What is the hundred thousands digit of 2681221726?
2
What is the ten thousands digit of 46984095?
8
What is the hundred thousands digit of 6159306156?
3
What is the ten millions digit of 85369885?
8
What is the millions digit of 2720355775?
0
What is the ten thousands digit of 3365526156?
2
What is the hundred thousands digit of 599426641?
4
What is the thousands digit of 625424290?
4
What is the ten millions digit of 3651249012?
5
What is the hundreds digit of 164530004?
0
What is the hundreds digit of 82356777?
7
What is the hundreds digit of 42895452?
4
What is the hundred millions digit of 348692588?
3
What is the ten thousands digit of 132016197?
1
What is the thousands digit of 100986453?
6
What is the thousands digit of 909321461?
1
What is the ten thousands digit of 1494156999?
5
What is the hundred millions digit of 164820974?
1
What is the millions digit of 48735126?
8
What is the hundred thousands digit of 67362660?
3
What is the ten thousands digit of 52915472?
1
What is the millions digit of 9067423?
9
What is the ten thousands digit of 327218595?
1
What is the hundred millions digit of 1214062027?
2
What is the hundred thousands digit of 166482690?
4
What is the tens digit of 493874365?
6
What is the units digit of 58024193?
3
What is the thousands digit of 722752321?
2
What is the thousands digit of 192335122?
5
What is the hundred millions digit of 4687410174?
6
What is the hundred thousands digit of 61953887?
9
What is the hundred thousands digit of 220401043?
4
What is the ten millions digit of 27770649?
2
What is the tens digit of 383546000?
0
What is the ten millions digit of 638823472?
3
What is the ten millions digit of 29527622?
2
What is the ten millions digit of 1342127800?
4
What is the hundred millions digit of 8709026853?
7
What is the hundred thousands digit of 1323308?
3
What is the ten thousands digit of 175551946?
5
What is the units digit of 46276350?
0
What is the units digit of 195197067?
7
What is the hundred thousands digit of 1839875862?
8
What is the thousands digit of 33667738?
7
What is the ten millions digit of 85371808?
8
What is the tens digit of 4210850586?
8
What is the hundred thousands digit of 649280383?
2
What is the billions digit of 2921911661?
2
What is the hundred millions digit of 1194896990?
1
What is the ten thousands digit of 105091970?
9
What is the hundred thousands digit of 435760757?
7
What is the units digit of 3550580716?
6
What is the hundred thousands digit of 61046865?
0
What is the hundred thousands digit of 27975594?
9
What is the ten thousands digit of 68813262?
1
What is the ten millions digit of 558744861?
5
What is the thousands digit of 312202374?
2
What is the hundred millions digit of 450022856?
4
What is the units digit of 184767054?
4
What is the millions digit of 59872117?
9
What is the units digit of 1319828421?
1
What is the ten thousands digit of 630656157?
5
What is the ten millions digit of 170046525?
7
What is the hundred millions digit of 163992495?
1
What is the hundred thousands digit of 3384237965?
2
What is the units digit of 2783367059?
9
What is the tens digit of 201714283?
8
What is the tens digit of 205553122?
2
What is the hundred millions digit of 2002746058?
0
What is the ten millions digit of 51282241?
5
What is the ten thousands digit of 371586505?
8
What is the units digit of 2499441667?
7
What is the hundred millions digit of 511363862?
5
What is the millions digit of 303547013?
3
What is the hundreds digit of 37681512?
5
What is the hundred millions digit of 1952794989?
9
What is the ten millions digit of 80134613?
8
What is the hundreds digit of 1385939680?
6
What is the ten thousands digit of 1511643363?
4
What is the tens digit of 255334241?
4
What is the units digit of 186497?
7
What is the hundred thousands digit of 3065289400?
2
What is the hundreds digit of 6585747594?
5
What is the billions digit of 1017535908?
1
What is the hundreds digit of 1060935364?
3
What is the millions digit of 565217920?
5
What is the tens digit of 439497694?
9
What is the millions digit of 2814411739?
4
What is the units digit of 2064381555?
5
What is the hundred thousands digit of 172655720?
6
What is the hundred thousands digit of 800884788?
8
What is the hundred millions digit of 159076523?
1
What is the units digit of 551189014?
4
What is the millions digit of 229723731?
9
What is the tens digit of 229130007?
0
What is the hundreds digit of 6144804?
8
What is the tens digit of 288521295?
9
What is the tens digit of 3566985?
8
What is the units digit of 337503182?
2
What is the ten thousands digit of 37017686?
1
What is the millions digit of 91187321?
1
What is the hundred thousands digit of 2460234252?
2
What is the hundreds digit of 25885462?
4
What is the billions digit of 1738125674?
1
What is the thousands digit of 546693724?
3
What is the millions digit of 2093916?
2
What is the hundreds digit of 11233039?
0
What is the tens digit of 940214770?
7
What is the millions digit of 12122369?
2
What is the millions digit of 534122100?
4
What is the hundred thousands digit of 348851504?
8
What is the ten millions digit of 51587980?
5
What is the hundred thousands digit of 2182461348?
4
What is the hundred thousands digit of 5326568?
3
What is the units digit of 65610402?
2
What is the billions digit of 1044249991?
1
What is the hundreds digit of 25947388?
3
What is the tens digit of 102881864?
6
What is the millions digit of 4544386?
4
What is the millions digit of 204559832?
4
What is the millions digit of 398800631?
8
What is the millions digit of 52772347?
2
What is the millions digit of 379998341?
9
What is the hundreds digit of 270338970?
9
What is the ten millions digit of 95781355?
9
What is the hundreds digit of 1497725034?
0
What is the hundred thousands digit of 55265418?
2
What is the tens digit of 404478434?
3
What is the ten millions digit of 5864283679?
6
What is the thousands digit of 282588358?
8
What is the hundreds digit of 8456255288?
2
What is the hundred thousands di